97535 = 3*u. Is u a prime number?
False
Let c(k) = -236*k**3 - 3*k**2 - 2*k. Suppose -13*v + 2 - 15 = 0. Let b be c(v). Let s = b - -750. Is s composite?
True
Let q = -165 - -650. Suppose 5*o + 865 = a + a, 3*a - 15 = 0. Let r = q + o. Is r a composite number?
True
Suppose -s - 3*d = -29, 4*s = 7*s - d - 37. Let z(x) = -13 + 20 - s*x + 10*x. Is z(-10) a prime number?
True
Suppose 11*z - 219307 = 4507 + 283649. Is z prime?
True
Let a = -3117 - -9966. Suppose 4*r - 3*r - a = -5*f, 3*r = f - 1357. Is f composite?
True
Suppose 0 = 5*x - c - 17700, 4*x - 7861 = -5*c + 6328. Is x composite?
False
Suppose -459*z + 456*z - 4*h = -1131365, 0 = 4*h - 8. Is z prime?
False
Suppose -5*m = -4*s - 910, -5*s + 659 = 4*m - 28. Suppose -2*w - 534 = -3*l + w, l + 4*w - m = 0. Suppose 365 = 3*t - l. Is t a composite number?
False
Suppose -r = -9336 + 1325. Suppose -4*i + 3837 = -r. Suppose -4*u + 2*u + i = 0. Is u prime?
True
Let c = 1225272 - -143807. Is c prime?
False
Suppose 142*q = 5751248 + 9548907 + 30358667. Is q prime?
False
Suppose 4*l - 1205997 = -7*c, l = 10*c - 6*c + 301459. Is l composite?
False
Is 12 - (-131531 - (-6 - -8)) composite?
True
Let i = -87 + 78. Let p = i + 11. Suppose 647 = j - 4*z, 5*j + p*z - 3151 = z. Is j a composite number?
False
Let f be ((-4)/3)/((-1)/(-3)) + 74. Suppose -4*g - f = -14*g. Suppose 0 = 9*s - g*s - 4604. Is s a prime number?
False
Suppose p = 5*y - 217508 + 1012129, 4*p + 5*y = 3178584. Is p a composite number?
False
Let x = -344745 + 2140862. Is x a composite number?
True
Let r(n) = 13 + 92*n + 16*n**2 - 81*n - 45. Let o be r(18). Suppose 4*p = y + y - o, 2699 = y + 4*p. Is y a prime number?
True
Let m = 141 - 12. Let h = -124 + m. Suppose 0 = -0*q - q + 5*i + 3783, -h*q + 18973 = 4*i. Is q prime?
True
Let n = -48 + 62. Let s(u) = -u**3 + 13*u**2 + 16*u - 21. Let b be s(n). Suppose b*h - 2*h = -m + 2169, -3*m + 2*h = -6473. Is m a composite number?
True
Suppose -i + 0*i + 26 = -2*k, -k + 4*i - 27 = 0. Let j be (10/50 - k/(-5))/(-2). Let a(s) = 381*s**3 - 2*s**2 + s + 1. Is a(j) composite?
True
Suppose -47*q = q - 3854832. Is q a prime number?
True
Let b(s) = 5*s**2 - 14*s + 12*s + 11*s + 10 - 3*s**3. Let n be b(-3). Suppose 3*k - 868 = -n. Is k prime?
False
Let f be 2/6 + 23/(-69). Suppose -2*r + 2 = 2*i, -4*i + r + f = 11. Is ((-2213)/i)/((-1)/(-2)) composite?
False
Let h be (1/(4/24*-2))/(-1). Suppose 1273 = h*r - 4337. Let b = r + -903. Is b a composite number?
False
Let o(s) = 84*s + 17. Let y = -31 + 98. Let w = 73 - y. Is o(w) composite?
False
Suppose 3*s - 471*v - 88245 = -474*v, -2*v = -8. Is s prime?
True
Let a be (1221/(-2))/((-5)/(-8) - 1). Suppose -a = d - 5*d. Is d a composite number?
True
Let y = 38029 + -630. Is y prime?
False
Suppose 5*j = -5*h + 1762975, -2170321 = -5*h - 3*j - 407334. Is h a prime number?
True
Suppose -10 = -2*r, 5*r = t + 2 + 18. Suppose -3*o - t*q + 8743 = 0, 12*q = 5*o + 8*q - 14510. Is o a prime number?
False
Let j(k) = -k**3 + 4*k**2 + k - 1. Let n be j(4). Suppose -10893 = -5*d + 4*s, n*d - s = 2*d + 2178. Is d a composite number?
True
Let z(t) = -4*t**3 + 2 + t**2 + 30*t**3 + 4*t - 5*t**2 + 0. Let i be z(5). Let f = -2193 + i. Is f a prime number?
False
Let g be 1*(-15)/(-1) + -5. Suppose 302 = g*v + 52. Suppose 2495 = v*c - 20*c. Is c a prime number?
True
Let d(k) = 0*k**2 + k**2 + 3*k + 4 - 5 + 4*k**2. Let r = -91 + 92. Is d(r) a prime number?
True
Let u = 133996 + 672409. Is u prime?
False
Suppose 32*v = 28*v + 204. Suppose -50*p = -v*p - 5. Is (-37)/p + (-4)/10 a prime number?
True
Let l be (-7 + -9)/((-2)/52). Suppose -2*n = -u + 1191, 5*u = 4*n + 5569 + l. Suppose 6*c + 91 - u = 0. Is c composite?
True
Let i(c) = -4*c - 78. Let y be i(-20). Suppose -y*g + 13817 = -3*n, 0 = 3*n - 12 + 3. Is g a composite number?
True
Suppose 2*r = -5*d + 58, 2*r + 2*r + 4*d - 104 = 0. Is (-2380)/(-6) + 8/r composite?
False
Let i(z) = -12119*z**3 + 18*z**2 + 36*z - 3. Is i(-2) prime?
False
Let s be (-2 + -2 + -1)*27/(-15). Is 4165/s - ((-20)/9 - -2) composite?
False
Suppose -6*q + 9*q - 24 = -3*h, -26 = -3*q - 4*h. Let c(f) = 128*f - 60. Let l be c(q). Suppose l + 34 = 2*w. Is w composite?
True
Let t be (-20)/(-4) - (4 + -3). Suppose 2*g = g + 3. Suppose -g*p = 5*u - 3*u - 5665, 0 = u + t*p - 2835. Is u a composite number?
True
Suppose -4*g = -0*n + 4*n + 55920, -41920 = 3*n - g. Let q = n - -20496. Is q a composite number?
False
Is (-8 - -9)/(11/2484427) composite?
True
Suppose -20*x + 4 = -18*x. Is x*((-7990)/(-4) + -3) a composite number?
False
Is 18/6 + 13928 - (6 + -4) a prime number?
False
Let j be (4/(-3))/((-14)/84). Is (7 - -23 - j)*223/2 a prime number?
False
Let v = 898 + -503. Suppose 0 = -4*z + 20, -x + 5*z = 6*z + v. Let d = x - -782. Is d a composite number?
True
Suppose -47 = -4*o - 143. Is 4*(-57306)/o - 0 a prime number?
True
Suppose -12 - 45 = -19*o. Suppose -o*g + 2522 = -9109. Is g prime?
True
Let l(w) = 615*w - 8. Suppose -16*k + 13*k = -45. Is l(k) a composite number?
True
Let j = 22534 + 6589. Is j a prime number?
True
Let u(o) be the second derivative of o**4/12 + o**3 - 11*o**2 - o + 287. Let s(p) = p**3 + 4*p**2 + 5*p - 1. Let w be s(-4). Is u(w) a prime number?
True
Suppose -16*l = -12*l - 24. Is -2922*((-44)/(-8) - l) prime?
False
Suppose 1681 + 6124 = 7*k. Suppose k = -4*l + 3279. Is l a prime number?
True
Let h be 2/9 + 129/27. Let f be 3/(-1) - -6 - -460. Suppose k - f = -3*y - 81, 2*k - 637 = -h*y. Is y composite?
False
Let h be -5*(-12)/80*-4. Let q be (-635)/(-3 + 4)*h/3. Suppose 3*d - 2818 - q = 0. Is d a prime number?
True
Suppose 2*n - 15 = -3*x, 3*n - 2*n = 0. Let d be 9/x*380/57. Suppose d*t - 220 = 8*t. Is t prime?
False
Suppose -117*z = -112*z. Let d be z - (1 - 3) - -3. Suppose 4*v - r - 4621 = 0, -3*v + r = d*r - 3442. Is v composite?
True
Let r(p) = 284469*p**2 + 299*p + 591. Is r(-2) a prime number?
True
Suppose n - 9 - 10 = 0. Let g = -15 + n. Is g/24*2*4683 prime?
False
Let y be (-7 + -7)*(-180)/14. Let p be (-24)/y + 2/15. Suppose 5*x = -4*g + 7203, -2*x + g = -p - 2876. Is x a prime number?
True
Let o be 5/2*(11/(-5) - -3). Let w(t) = 809*t**3 + 10*t**2 - 22*t - 1. Is w(o) a composite number?
True
Let y be (1 + -21)*42*(-8)/16. Suppose 297 + y = q. Is q prime?
False
Suppose 4*n = -4*t + 32, -5*t + 2*n = n - 10. Let j be 2*t*(-17)/(-6). Suppose -j*p + 13*p + 820 = 0. Is p prime?
False
Let v(z) = -z + 19. Let d be v(9). Suppose -3*o = 10 - d. Suppose 2*l - b = -l + 2659, o = 5*l + 5*b - 4445. Is l a prime number?
True
Is 21/9*(-29683296)/(-672) a composite number?
False
Let r = -688404 + 1258211. Is r prime?
False
Let w(m) = -3*m**3 + 20*m**2 + 10*m + 9. Let n(g) = -g**3 + 10*g**2 + 5*g + 5. Let z(d) = 5*n(d) - 2*w(d). Is z(6) composite?
False
Suppose 2*c - x - 383 = 0, 0 = x - 3*x + 6. Let f = 404 - c. Is f prime?
True
Let w(t) = 13*t**2 + t - 19. Let y(d) = -d**2 - 6. Let u(f) = -3*f**2 - 17. Let a(z) = -6*u(z) + 17*y(z). Let p(n) = -6*a(n) + w(n). Is p(8) a prime number?
False
Suppose 4*l + 2847 - 292 = 117599. Is l prime?
False
Suppose -1719 = -a - 5*i, 25*a - i + 1739 = 26*a. Let l = a + -1010. Is l a prime number?
False
Let w be 2 - 1*6 - (-24 + 4). Suppose 3*q + 5*l = 3527, 4*l + 0*l = w. Is q a composite number?
True
Is ((-14)/4)/((-4914)/900965052) composite?
False
Let l(a) = -13086*a + 1927. Is l(-9) a composite number?
False
Let w(y) = 1 - 1 + 3 + 53*y**2 - 8*y. Let m be w(6). Suppose m = 4*v + 2*c - 4371, 20 = -4*c. Is v composite?
True
Let j = -35561 - -652908. Is j a prime number?
False
Suppose 2*q + 3*t - 521405 = 0, -1160641 = -6*q + 4*t + 403665. Is q a prime number?
True
Let x be 49995/(-6) + -1 + (-3)/6. Let s = x + 14767. Is s composite?
True
Is ((-105)/(-280))/(7/20552) prime?
False
Let y be 273/52 - 10/8. Suppose 6*l - 3*u = 2*l + 61816, -y*u = -5*l + 77271. Is l a prime number?
True
Let j = 57 - 28. Is j/116 - 158*45/(-8) composite?
True
Let y be (-1*17)/(-10 - (-120351)/12034). Let h = y - -35087. Is h a composite number?
True
Let h be (-11144)/(-3) + (-1)/(-3). Suppose -w + 9 - 4 = 5*q, -q - 4*w = 18. Suppose -3*m + h = q*m. Is m prime?
True
Let g(z) = 73*z**2 - 8*z + 14. Let s = -206 - -199. Is g(s) prime?
False
Suppose 66966 = -n + 293839. Is n a prime number?
False
Suppose 4*r + 6 = 7*r. Suppose -4*t + f = 